(p). Give y(s).
4
Let o(i) be the third derivative of -1/3*i**3 + 0 + 2*i**2 + 1/20*i**5 + 0*i - 1/120*i**6 + 1/8*i**4. Calculate o(4).
-6
Let x(j) = -5 + 83*j - 83*j + j**2. Calculate x(0).
-5
Let n = -7 + 9. Let f(a) be the first derivative of 3*a**2 + 0 - a**2 - 2*a - 2 - 4*a**n. Calculate f(-2).
6
Let c be -1 + 0 + -7 + 1. Let r be 0/(-1) + 2*-6. Let l = r - c. Let n(o) = 2*o + 4. What is n(l)?
-6
Let g(z) = -3*z - 1. Let c(q) = q. Suppose i = 3*u + 11, -20 = 3*i + 4*u - 1. Let x(k) = i*g(k) - 2*c(k). Determine x(-5).
-4
Let q be -4*(6/(-4) - -1). Let h(w) = -3 + 100*w**2 + 0 + 2*w + 3*w - 101*w**2. Give h(q).
3
Let s(u) = -2*u + 7. Let k(g) = g - 3. Let x(i) = -7*k(i) - 3*s(i). Suppose -3*h - 2*h = 55. Let w = -8 - h. Calculate x(w).
-3
Let i(b) = b**2 + 7*b + 5. Let a be 10/(-3) - (-4)/(-6). Let t = 12 - a. Suppose -p + t = -5*p. Determine i(p).
-7
Suppose -3*o - 12 = -p - 3, 7 = 3*p - 4*o. Let k = -1 + p. Let q(x) = x + 4. What is q(k)?
0
Let n(v) = -v**3 - 4*v**2 - 6. Let s be n(-4). Let i(m) = -m. Calculate i(s).
6
Let d(o) = 0*o - 3*o + 5 + 3*o + 4*o. Let z(b) = 3*b + 2. Let p be z(-2). Give d(p).
-11
Let j(f) = f**3 + 5*f**2 + 4*f + 4. Let y = 4 - -1. Suppose h - 4 = y*m + 2, 4*m + 4 = h. Determine j(h).
4
Suppose 2*y + 2*t = -3*y - 33, 4*y + 12 = 2*t. Let z(k) = k**3 + 6*k**2 + 5*k + 4. Calculate z(y).
4
Let f be ((-1)/2)/(3/(-18)). Let k be -1 + (-6)/(0 + f). Let z(p) = -p**3 - 4*p**2 - p + 2. Give z(k).
-4
Let a(m) = 2*m - 3. Suppose 3*l - 7 - 2 = 0. Let i be a(l). Let h(d) = i - d + 3 - 5 + 2*d**3. What is h(1)?
2
Let l(c) be the first derivative of c**4/12 + 3*c**2 - 4. Let f(q) be the second derivative of l(q). What is f(1)?
2
Suppose 0*x = 5*x - 5. Let z(j) = 5*j - 1. Calculate z(x).
4
Let v(a) = a**2 + a - 1. Let t(y) = -3*y**2 - 5*y + 6. Let h(r) = -t(r) - 5*v(r). Let n(k) = 2*k + 2 - 6*k + 2*k. Let i be n(2). Determine h(i).
-9
Let x(s) = s**3 + 2*s**2 - 1. Let i(b) = b**3 + 4*b**2 - 3*b + 7. Let z be i(-5). Let p = 4 + z. Determine x(p).
2
Let z = 5 + 0. Let h = z + -4. Let x(l) = -3*l. Let c(n) = -39*n. Let i(p) = -3*c(p) + 36*x(p). What is i(h)?
9
Suppose 2 = 2*f - 4. Suppose -v = f*v - 8. Let s(x) = 6*x**2 - 5 + 3*x - 3*x**2 - 2*x**v. Calculate s(-5).
5
Let y(p) be the second derivative of p**4/12 + p**3 + 3*p**2/2 - p. Let s = -7 + 3. Give y(s).
-5
Let k = -4 - -4. Suppose k = z - 0*z + 6. Let s(d) = -d**3 - 6*d**2 + 2*d + 8. Calculate s(z).
-4
Let g be (-10)/((-3)/(9/(-6))). Let k(l) = -l - 6. Calculate k(g).
-1
Let v be 28/12 - 3/9. Suppose -2*w = -4*r - 30, 0*r + 30 = -v*r + 4*w. Let j(q) = q**3 + 5*q**2 - q + 3. Calculate j(r).
8
Let r(m) = 2*m - 1. Let j(g) = 1. Let f(s) = 4. Let y(i) = f(i) - 3*j(i). Let l(c) = -r(c) - 5*y(c). Give l(-5).
6
Suppose 6 = -3*q - 12. Let z(j) = j**2 + 3*j - 8. Give z(q).
10
Let u = -2 + 7. Suppose u*g - 9 = -2*p, g - 8 = 3*p + 4. Let y(b) = -b - 2 + 0 + 4. Calculate y(g).
-1
Let r(h) = 4*h. Let c(k) = -17*k. Let j(v) = 2*c(v) + 9*r(v). Determine j(1).
2
Let z(v) = 6*v**2 - 4*v - 8. Let w(j) = -j**2 + 2. Let h(l) = 4*w(l) + z(l). Let i = 9 + -6. What is h(i)?
6
Let l(o) = -o**2 - 5*o + 4. Let f(z) = z**2 + 5*z - 3. Let n(t) = -6*f(t) - 5*l(t). What is n(-4)?
2
Let n(o) = -25*o - o**2 - 31*o + 50*o + 2. Calculate n(-6).
2
Let k(a) be the second derivative of 0 - 1/6*a**3 - 3*a**2 + 4*a. Calculate k(-5).
-1
Let s be ((-16)/12)/((-4)/18). Suppose 5*f + s = 2*f. Let y(w) = -4*w - 3. What is y(f)?
5
Let t(f) = -229 - 224 + 457 - 7*f. Calculate t(-3).
25
Let m(s) = s**2 - 11*s + 12. Let g be m(10). Let q(i) = 5 + 5*i - 4 - 4*i - g. Determine q(0).
-1
Let w(z) = 3 - 7*z**2 + 3*z**2 - 5 + 3. Let x(n) = 4*n + 5. Let y(g) = -3*g - 5. Let o(b) = -2*x(b) - 3*y(b). Let f be o(-6). Calculate w(f).
-3
Suppose 3 = -2*j + j. Let o(g) = -g - 1. Calculate o(j).
2
Let c(i) = -i**2 - 7*i - 5. Let o be 1 - -1 - 1/(-1). Suppose 4 = o*v - 4*v. What is c(v)?
7
Let l(u) = -u**2 - 2*u - 1. Let f be (4/((-12)/9))/1. Give l(f).
-4
Let j(x) = -x**3 + 3*x - 2. Let n(o) = -2*o**3 + o**2 + 2*o + 1. Suppose 0 = -4*u + 3*u - t - 4, 4*u = -t - 7. Let s be n(u). What is j(s)?
-4
Let q(v) = v**3 + 3*v**2 - 7*v. Let y be ((0 - 20)/2)/2. What is q(y)?
-15
Let x(j) = -j - 1. Let m = 7 + -4. Suppose v - 13 = 4*r, -v - m = r - 1. Let w be 6 - r/(6/(-2)). What is x(w)?
-6
Let t(y) = -y**2 - 1. Let d be (-10)/(-3)*3/2. Suppose 20 = -x - 4*b, 0 = -2*x - 2*x - d*b - 25. Suppose -j + 4*j - 3 = x. Determine t(j).
-2
Let a(l) = l + 9. Let z(u) = -u + 5. Let r(b) = 3*b - 11. Let w(y) = -2*r(y) - 5*z(y). Let k be w(-3). Give a(k).
9
Let o(u) be the third derivative of -u**6/120 + u**5/12 - u**3/6 + 6*u**2. What is o(5)?
-1
Suppose 3*k - 5*k - 9 = 5*i, k + i = 0. Suppose 0 = 2*b + 5 + k. Let o(x) be the second derivative of x**5/20 + x**4/3 + x**3/6 + 2*x**2 - x. Give o(b).
0
Let k(g) = g**2 - 5*g + 4. Let f(t) = t**2 + 10*t - 5. Let z be f(-11). Determine k(z).
10
Let f(k) = -k + 1. Let p be f(1). Let c(b) = b**3 + 2*b. Let l(z) = -2*z - z**3 + 5*z + 5*z**3 - 2*z**3. Let m(r) = 3*c(r) - 2*l(r). Give m(p).
0
Let y(o) = -o**2 + o + 2. Let j(b) = 2*b - 2. Let i be j(0). Calculate y(i).
-4
Suppose 12 = 5*r - r. Suppose 4*j - j = r. Let v(d) = 2*d - 1 + 9*d**2 - 3*d + 2*d. What is v(j)?
9
Suppose -4*q + 23 = y, -22 = -0*q - 2*q - 4*y. Let j(x) = -x**2 + 4*x - 4. Give j(q).
-9
Suppose -t = 3*t. Let m(o) be the second derivative of o + t - 3/2*o**2 - 1/6*o**3. What is m(-4)?
1
Let y(q) = -3*q - 1. Let r(f) = 5*f + 2. Let a(l) = -5*r(l) - 8*y(l). Suppose -3*d = 5*n - 30, 7*n - 6 = 5*n. Give a(d).
-7
Let r(t) = -t**2 + 8*t - 6. Let a be r(7). Let f(b) = 10*b + 4. Let l(m) = 51*m + 21. Let s(w) = -21*f(w) + 4*l(w). Calculate s(a).
-6
Let h(o) = -7*o**3 + 8*o**2 + 2*o. Let y(a) = 4*a**3 - 4*a**2 - a. Let c(p) = -3*h(p) - 5*y(p). Let v be (3 + 5)*(-1)/(-2). Give c(v).
-4
Let v(y) be the third derivative of y**6/120 + 7*y**5/60 - y**4/3 - y**3/3 + 12*y**2. What is v(-8)?
-2
Let s(c) = -c**3 + 21*c**2 - 21*c + 13. Let t be s(20). Let v(r) = -r + 8. Let z(m) = -2*m + 17. Let b(i) = -13*v(i) + 6*z(i). Give b(t).
-9
Let x(r) = r + 4. Let b = -3 + 7. Suppose 0 = -b*n - 4*w - 4, 0*n - 2*n + 4*w - 20 = 0. Give x(n).
0
Suppose -3*c = -7*c + 20. Let b = -3 + c. Let m(p) = 5*p + 2*p**b - 4*p**2 + 3 + 0*p**2. Give m(4).
-9
Let k(n) = n**3 + 3*n**2 + 2*n. Let i = -17 - -15. Give k(i).
0
Suppose 8 = 4*l - 16. Let p(q) = -q**2 - 6 + 0 + 0*q**2 + 8*q. Give p(l).
6
Let q = 119 - 125. Let k(f) = -2*f - 5. Calculate k(q).
7
Let k(c) be the first derivative of 1/4*c**4 + 2*c - 3 + 4/3*c**3 + c**2. What is k(-3)?
5
Let q = 21 + -21. Let p(d) = 4 + 4*d - 4*d**2 + 2*d**2 + q + d**2. Calculate p(5).
-1
Suppose 2*i + 11 = 3*i. Let a(f) = -f**2 + 4*f - 4. Let c(x) = -4*x**2 + 20*x - 21. Let n(t) = i*a(t) - 2*c(t). Calculate n(2).
-6
Suppose 7*n = 6*n - 2. Let g(c) = -5*c**2 - 3*c - 1. Determine g(n).
-15
Let h(i) = i + 2*i - 4 + i**2 - 5*i. Let f(x) = -x**3 + 3*x**2 + 5*x. Let m be f(4). Calculate h(m).
4
Suppose 0 = -2*k - 3*u + 24, -5*u + 7 + 25 = 2*k. Let n(m) = k*m + 14 - 2*m - 15 - m**2. Determine n(4).
-1
Let x(o) be the first derivative of -2*o**2 + 15*o + 16. Let a(b) = b. Let t(r) = -2*r + 4. Let n(z) = 2*a(z) + 2*t(z). Let p(k) = 11*n(k) - 6*x(k). Give p(2).
2
Let s(n) be the first derivative of 5*n**4/2 + n**3/3 - n**2/2 - n + 5. Give s(-1).
-9
Let m(n) = -2*n - 3. Let h be m(-3). Suppose -h*x - 2*w - 4 + 8 = 0, -3*x - 3*w + 3 = 0. Let z(p) = 0*p - x*p - 6*p + p**3 - 4*p**2 + p + 5. Determine z(5).
-5
Let z(d) = 4*d - 2. Let b be z(2). Let p(n) = -n**3 + 5*n**2 + 5*n + 6. Let g be p(b). Let x(y) = y**2 - y - 3. Give x(g).
-3
Suppose 5*y = 2*y + 9. Let r(m) = m - 4*m - 6 - y*m + m**2. Calculate r(6).
-6
Let r(x) = 4*x**2 - 7*x - 7. Let c(g) = -3*g**2 + 7*g + 6. Let v(b) = -5*c(b) - 4*r(b). What is v(-5)?
8
Let j be 3/9 - (-16)/6. Let t(z) = z - j + z - z. Determine t(-4).
-7
Let b(a) = -a**3 - 6*a**2 - a - 1. Let t(i) = 7*i**3 + 1. Let s be 2/(-1) + 0 + 1. Let l be t(s). Calculate b(l).
5
Let b(s) be the third derivative of -11*s**7/2520 - s**4/8 + 2*s**2. Let t(h) be the second derivative of b(h). Give t(-1).
-11
Suppose 0 = -0*a - 5*a - 20. Let o(l) = -l**2 - l + 5. Give o(a).
-7
Let g(a) = -a - 2. Suppose 3*p - 8*p + 30 = 0. Suppose p*w = 3*w - 12. Give 